{"id":4,"date":"2013-06-15T20:18:36","date_gmt":"2013-06-15T20:18:36","guid":{"rendered":"https:\/\/www.stabinger.de\/?page_id=4"},"modified":"2025-02-18T15:05:18","modified_gmt":"2025-02-18T14:05:18","slug":"home","status":"publish","type":"page","link":"https:\/\/www.stabinger.de\/","title":{"rendered":"Home"},"content":{"rendered":"<hr class=\"wp-block-separator is-style-default\">\r\n\r\n\r\n\r\n<hr class=\"wp-block-separator\">\r\n\r\n\r\n<p>Diese Homepage dient einer kurzen Selbstdarstellung der EDV-Beratung Stabinger.<\/p>\r\n\r\n\r\n\r\n<p><strong>Ein paar Worte zum Datenschutz<\/strong><\/p>\r\n\r\n\r\n\r\n<ul class=\"wp-block-list\">\r\n<li>Kein Logging der Useraktivit\u00e4ten<\/li>\r\n<li>Keine Formulare<\/li>\r\n<li>Keine Social Media PlugIns<\/li>\r\n<li>Keine Statistik-PlugIns<\/li>\r\n<li>Kein Google Analytics oder \u00e4hnliches<\/li>\r\n<li>WordPress setzt ggf. ein tempor\u00e4res Cockie f\u00fcr die aktuelle Sitzung ein<\/li>\r\n<\/ul>\r\n\r\n\r\n\r\n<p>Obwohl diese Homepage keinerlei Userdaten erfasst, ist es m\u00f6glich, da\u00df durch den Webprovider (all-inkl) aufgrund gesetzlicher Bestimmungen grundlegende Daten wie z.B. die IP-Adresse des Besuchers geloggt werden m\u00fcssen.<\/p>\r\n\r\n\r\n<hr class=\"wp-block-separator is-style-dots\">\r\n\r\n\r\n<p>Name und Adresse des Betreibers siehe unter <a href=\"https:\/\/www.stabinger.de\/?page_id=115\">Kontakt<\/a>.<\/p>\r\n\r\n\r\n<hr class=\"wp-block-separator\">\r\n\r\n\r\n<p>&nbsp;<\/p>\r\n","protected":false},"excerpt":{"rendered":"<p>Diese Homepage dient einer kurzen Selbstdarstellung der EDV-Beratung Stabinger. Ein paar Worte zum Datenschutz Kein Logging der Useraktivit\u00e4ten Keine Formulare Keine Social Media PlugIns Keine Statistik-PlugIns Kein Google Analytics oder \u00e4hnliches WordPress setzt ggf. ein tempor\u00e4res Cockie f\u00fcr die aktuelle &hellip; <a href=\"https:\/\/www.stabinger.de\/\">Weiterlesen <span class=\"meta-nav\">&rarr;<\/span><\/a><\/p>\n","protected":false},"author":1,"featured_media":200,"parent":0,"menu_order":0,"comment_status":"closed","ping_status":"open","template":"sidebar-page.php","meta":{"ngg_post_thumbnail":0,"footnotes":""},"class_list":["post-4","page","type-page","status-publish","has-post-thumbnail","hentry"],"_links":{"self":[{"href":"https:\/\/www.stabinger.de\/index.php?rest_route=\/wp\/v2\/pages\/4","targetHints":{"allow":["GET"]}}],"collection":[{"href":"https:\/\/www.stabinger.de\/index.php?rest_route=\/wp\/v2\/pages"}],"about":[{"href":"https:\/\/www.stabinger.de\/index.php?rest_route=\/wp\/v2\/types\/page"}],"author":[{"embeddable":true,"href":"https:\/\/www.stabinger.de\/index.php?rest_route=\/wp\/v2\/users\/1"}],"replies":[{"embeddable":true,"href":"https:\/\/www.stabinger.de\/index.php?rest_route=%2Fwp%2Fv2%2Fcomments&post=4"}],"version-history":[{"count":63,"href":"https:\/\/www.stabinger.de\/index.php?rest_route=\/wp\/v2\/pages\/4\/revisions"}],"predecessor-version":[{"id":369,"href":"https:\/\/www.stabinger.de\/index.php?rest_route=\/wp\/v2\/pages\/4\/revisions\/369"}],"wp:featuredmedia":[{"embeddable":true,"href":"https:\/\/www.stabinger.de\/index.php?rest_route=\/wp\/v2\/media\/200"}],"wp:attachment":[{"href":"https:\/\/www.stabinger.de\/index.php?rest_route=%2Fwp%2Fv2%2Fmedia&parent=4"}],"curies":[{"name":"wp","href":"https:\/\/api.w.org\/{rel}","templated":true}]}}